y(k) = k - 2. Let l be y(-3). Determine g(l).
-4
Let o(j) be the second derivative of -j**5/20 - j**4/2 - j**3 - 3*j**2/2 + j. Suppose -7*b = -6*b - 5. Suppose 0 = b*d - 14 + 39. Calculate o(d).
2
Suppose 49 = -6*q + 163. Let w(s) = -25*s**2 - 10 + q*s**2 + 5*s + s - s**3. Determine w(-7).
-3
Let l be 32/12*105/28. Let q(n) = -n + 4. Calculate q(l).
-6
Let y(r) be the first derivative of -r**2/2 + 16*r + 23. Let p be y(11). Let a(c) = -2*c**2 + 4 + 6*c - 3 + c. What is a(p)?
-14
Let k(c) = -c**3 + 5*c**2 + 2*c - 12. Suppose 2*r = -y + 13, -3*r = -4*r + 3*y - 4. Determine k(r).
-2
Let a(n) = n**2 + 9*n + 5. Let i(d) = -d - 25. Let q be i(-20). Calculate a(q).
-15
Let n(x) = 4*x**3 + 4*x**2 + 4*x + 24. Let s(m) = -7*m**3 - 7*m**2 - 7*m - 48. Let y(h) = 5*n(h) + 3*s(h). What is y(0)?
-24
Let i(z) be the second derivative of -z**3 + 19*z**2/2 - 415*z. Determine i(4).
-5
Let y(w) = -4*w**2 + 6*w - 2. Let c(o) = -3*o**2 + 8*o - 4. Let s(r) = -3*c(r) + 2*y(r). Determine s(11).
-3
Let g(v) = -5*v**3 + 16*v**2 - 17*v + 75. Let n(l) = 2*l**3 - 8*l**2 + 8*l - 33. Let d(u) = -3*g(u) - 7*n(u). What is d(-9)?
-30
Let a(t) = -2*t - 2. Let p(j) = -5*j - 6. Let x be p(-5). Suppose 27 = 2*h + x. What is a(h)?
-10
Let l(z) be the third derivative of z**5/60 + 11*z**4/24 + 7*z**3/6 + 22*z**2. Suppose x - 30 = 4*c, -c + 2*x - 4 = -0*x. What is l(c)?
-17
Let f(x) = -27*x - 2. Let q be 30/(-45) + 15/9. Give f(q).
-29
Suppose 3*x - 6 = 0, p - 3*x = -2*x + 5. Let o(n) = 1 - n**3 + 6*n**2 + 4 + 8*n + 1 + 0. What is o(p)?
13
Let j(k) be the second derivative of k**4/2 + k**3/6 - 2*k. Let u = -20 + 16. Let x be 7/14 - 2/u. Calculate j(x).
7
Suppose 5*f - 4*g - 36 = 27, 0 = 3*f - 5*g - 43. Let r(y) = 3*y - f + 6 + y**3 - 3 - 6*y**2. Determine r(6).
10
Let r(o) = -2*o + 5*o - 11 + 6. What is r(7)?
16
Let k = 1/8 - -3/8. Let z(d) be the second derivative of -k*d**2 + 1/6*d**3 - d + 0. Determine z(0).
-1
Let t(i) be the second derivative of -i**3/2 + i**2/2 + 224*i. Determine t(-1).
4
Let q(n) = 4*n**3 - 3*n**3 - 6*n**2 - 25 + n**2 - 23 - 7*n + 44. Give q(6).
-10
Let u(n) be the third derivative of -n**5/60 - n**4/24 - n**3/2 + 92*n**2. Determine u(-5).
-23
Let w(x) = -x**3 - 3*x**2 + 3*x + 3. Let q = 58 + -61. Calculate w(q).
-6
Let b(t) = 2*t + 1. Let c(z) = -z**2 + 4*z + 8. Let n(v) = 5*b(v) - c(v). Let l = -23 - -16. Calculate n(l).
4
Let c(w) = w + 8. Let i = -17 - -7. Let m be 64/i - (-12)/30. What is c(m)?
2
Let z(w) be the second derivative of -w**5/20 - 3*w**4/4 + w**3/2 + 4*w**2 + 2*w + 53. Determine z(-9).
-19
Let y be 2/(-6) + (-2)/(-6). Let h(c) be the second derivative of c**5/20 - c**4/12 - c**3/6 + 5*c**2 + 91*c. What is h(y)?
10
Let q(g) = -2*g - 74. Let f be q(-38). Let u(x) = -x**3 + 2*x**2 - 6*x + 6. What is u(f)?
-6
Let f(d) = d - 12. Let k(w) = 5*w**3 - w**2 + 2*w. Let a be k(1). Calculate f(a).
-6
Let t(z) = 244*z**2 - 14 - 83*z**2 + 10*z - 78*z**2 - 86*z**2. Give t(2).
-6
Let g(a) = a**3 - 2*a**2 - 3*a - 2. Let p be 6/(-4) + (-45)/(-6) - 3. What is g(p)?
-2
Let o(d) = d**2 - 7*d - 19. Let t be o(9). Let w(m) = 16*m**3 - m**2 - m. What is w(t)?
-16
Let t(v) be the first derivative of 2*v**2 + 4*v - 289. Let l = -12 + 8. What is t(l)?
-12
Let q(m) be the second derivative of -m**4/12 + m**3/6 + 5*m**2/2 - 5*m. Let y(h) = h**3 - 4*h**2 - h + 4 + 3*h**2 - 2*h**3 + 5*h**2. Let l be y(4). Give q(l).
5
Let u be (21/(-3))/(3 - 3 - -1). Let s(j) = -j**3 - 8*j**2 - 9*j - 4. Calculate s(u).
10
Let i(k) = 7 - 3*k**3 + k + k**3 + 6*k**3 - 3*k**3. Let d be 1/6 - (-5)/((-120)/4). Calculate i(d).
7
Let h(p) be the second derivative of p**3/6 - 3*p**2/2 + 912*p. Let w(d) = -d + 3. Let s be w(3). Calculate h(s).
-3
Let c(f) = -11*f**2 - 34*f - 8. Let w be c(-3). Let x(z) = z**2 + 4*z - 1. What is x(w)?
4
Let w(t) = 4 - 3*t + 0 - 1 + 0. Let r(v) = -7*v + 7. Let h(c) = 2*r(c) - 5*w(c). Suppose 0 = -2*b + 3*b - 3. Calculate h(b).
2
Let j(l) be the second derivative of -l**8/6720 - l**5/60 + l**4/2 - l**2/2 + l + 19. Let x(p) be the third derivative of j(p). Give x(-2).
6
Let i = -522 - -515. Let a(b) = -b**3 - 6*b**2 + 8*b - 9. Give a(i).
-16
Let n(p) = p**3 + 8*p**2 + 7*p - 1. Let y(u) = -u**2 - 12*u - 17. Let i be y(-11). Let g be (-2)/i*(-12)/(-2). Let s = -5 - g. Calculate n(s).
-1
Let l(z) = 2*z - 1. Suppose 0*n - 2*n = 22. Suppose 7*p = 25*p - 288. Let r = p + n. Give l(r).
9
Let d(y) = -336*y**3 + 5*y**2 + 6 - 2*y**2 + 164*y**3 + 171*y**3. What is d(3)?
6
Let b(a) = -5*a + 6. Let h(q) = q - 1. Let n(t) = b(t) + 4*h(t). Let j be (2/5)/((-3)/705). Let x = -92 - j. Calculate n(x).
0
Let s(n) = -n**2 - 7*n + 6. Let q(t) be the first derivative of t**3/3 + 7*t**2/2 + 6*t + 5. Let b = 25 + -28. Let u be q(b). Determine s(u).
12
Let c = -27 - -60. Let v(r) = 5 - 6 - c*r**2 + 34*r**2 + r. Suppose -2*q = 4*o + 12, -4*q + 5*q + 3 = o. What is v(o)?
-1
Let t(b) = -b**2 - 8*b + 3. Let h = -720 + 711. What is t(h)?
-6
Let v(j) = -j**2 - 5*j + 8. Let h = 29 - 35. What is v(h)?
2
Suppose 20 = -r - 4. Let p be ((-3)/9)/(4/r). Suppose -p*w + 0*w + 6 = 0. Let y(c) = 2*c**2 - 3*c - 1. What is y(w)?
8
Let x(k) = -k - 33 + 56 + k**2 - 22. Let q(l) = 5*l - 9 - 14*l + 8*l. Let s be q(-11). What is x(s)?
3
Let x be (118/(-531))/(2/(-18)). Let t(f) = 8*f**2 - 11. Let z(s) = 3*s**2 - 4. Let d(l) = -6*t(l) + 17*z(l). What is d(x)?
10
Suppose -3*k - 5*y = k - 16, -k + 4 = -2*y. Let u(s) = 9*s + 5. What is u(k)?
41
Let c(z) be the first derivative of z**2 + 3*z + 43. Suppose o = 2*k + 1 - 13, -k - 5*o = -6. Let y be 1/(3/k) + -4. Calculate c(y).
-1
Suppose 0 = -3*v + 2 + 10. Suppose -2*s = -8 + 2. Let h(l) = 7*l + 16*l + l**s - 2 - 5*l**2 - 19*l. Determine h(v).
-2
Let f(t) = -t**3 - 4*t**2 + 8 + 2*t**2 - 12. Let p be (-38)/(-8) - 3/4. Suppose 0*x = -p*x - 12. Calculate f(x).
5
Let p(q) be the third derivative of q**6/120 - q**5/12 + q**2. Let m be (6/(-11))/((-894)/6556). Calculate p(m).
-16
Let y(x) = -x**3 + 4*x**2 - 1. Let s(c) = -c**2 - 13*c + 19. Let q be s(-14). Let a be (6/q)/(9/30). Give y(a).
-1
Let c(o) = o**2 + o - 3. Let k be (-17)/(-3) + 10/(-15). Suppose -5*x - 25 = k*g, 3*g = -4*x + 2*g - 14. Give c(x).
3
Let q(g) be the first derivative of g**5/60 - 5*g**4/24 - 7*g**3/6 + 2*g**2 + 4. Let a(p) be the second derivative of q(p). Determine a(6).
-1
Let t(x) = -13*x**3 - 18*x**2 + 22. Let c(o) = -9*o**3 - 12*o**2 + 15. Let i(p) = 7*c(p) - 5*t(p). What is i(-4)?
-37
Let f be (2 + -3)/(5/(-25)). Let b(t) = -t**3 + 5*t**2 - 3*t + 3. Determine b(f).
-12
Let u(m) = m**2 - m - 18. Let k be u(0). Let c be (k/(-15))/((-2)/10). Let j be 45/c*(-4)/5. Let h(x) = x - 3. What is h(j)?
3
Let f(l) = -2 + 2*l - 2*l**2 - 10*l + 2*l**2 + l**2 + 6. Give f(8).
4
Let o be (-2 - 1)/((-1)/1). Let k(n) be the first derivative of 0*n - 14*n**4 + o + 12*n**4 - n - n**2. Determine k(-1).
9
Let m(o) = o**2. Suppose 0*u + 21 = 3*u - 4*r, 2*u = 5*r + 14. Suppose 0 = -5*i - 5*q - 5, -u = -2*i - 3*i + q. Determine m(i).
1
Let k(i) = 3*i + i + 7 - 3*i - 3*i. Let z(o) = 7*o**2 - o - 1. Let g be z(2). Suppose 0 - g = -5*f. Give k(f).
-3
Suppose 5*j - 8*j - 5*w + 14 = 0, 36 = 4*j - 2*w. Let d(y) = y - 19. Determine d(j).
-11
Let h(d) be the first derivative of 0*d**2 + 5/3*d**3 - 1/24*d**4 + 1/120*d**5 + 3 + 0*d. Let f(m) be the third derivative of h(m). Determine f(3).
2
Let j(i) = -i**2 - 9*i + 11. Let a be ((-30)/4)/((-99)/(-132)). What is j(a)?
1
Suppose 4*a + 2*c - 20 = 4*c, -c + 2 = 2*a. Let q(b) = -3*b**3 + b**3 + 3*b**3 - 4 + 0*b**a - b**2. Give q(3).
14
Let n(z) = 2*z - 17. Suppose 4*a + 4*f - 56 = 0, -4 = 5*f - 29. What is n(a)?
1
Let y(p) = -p + 1. Let v(w) = -w**2 + 4*w - 8. Let d(h) = v(h) - 4*y(h). Determine d(7).
-5
Let c(p) = -p**3 + 14*p**2 - 4*p + 15. Let w(d) = -d**3 + 15*d**2 - 3*d + 17. Let o(n) = 6*c(n) - 5*w(n). Suppose -i - 1 = -9. Determine o(i).
-3
Let j(t) = -t. Let a(m) = 2*m**2 - 8*m - 19. Suppose 3*u + 4 = 4*f - 3, -5*u - 25 = 0. Let y be a(f). Give j(y).
-5
Let f(r) = -5*r**2 + 6*r - 5. Let d(v) = 14*v**2 - 17*v + 14. Let x(z) = -4*d(z) - 11*f(z). Calculate x(2).
-1
Let m be (-4 + 0 - -4) + 22/2. Let k(f) = -f**3 + 12*f**2 - 13*f - 2. Calculate k(m).
-24
Let n(u) = -58*u - 52. Let y(o) = -35*o - 27. Let k(w) = -3*n(w) + 5*y(w). Calculate k(26).
-5
Let x(w) = w**3 - 8*w**2 - w + 11.